2*g**3 - 2*g - 1. Let a(r) = 2*f(r) + y(r). Give a(1).
-9
Let p(d) = -d - 6. Let x be p(-8). Let c(o) = 0*o + x*o + o - 4 - o. Determine c(6).
8
Let v(j) = j**2 + 4*j - 2. Let x(i) = 4*i**3 - 2*i**2 + 16*i - 14. Let c be x(1). Calculate v(c).
30
Let h(t) = -t**3 - 4*t**2 - t - 9. Let b be h(-5). Suppose -3*s + 2*y + 2*y = b, 3*s + y + 6 = 0. Let o(g) = g**2 - 2 + g + g + 0*g**2. What is o(s)?
1
Let c(u) be the first derivative of -u**3/3 + 3*u**2/2 + 14*u - 108. What is c(5)?
4
Let b(g) be the second derivative of -g**4/12 - g**3/2 + 21*g. Let w be b(-4). Let q(x) = -x - 3. Calculate q(w).
1
Let h(y) = -y**3 + 5*y**2 - 4. Let v = 145 - 71. Suppose v = 2*s + 64. Determine h(s).
-4
Let v(u) = -u + 6. Let o be v(-6). Let g be o/(-15)*(-10)/4. Suppose 0 = -g*f - 2*f. Let j(d) = -d - 8. What is j(f)?
-8
Let h(n) = -2*n + 3. Let l = -7 - -10. Suppose l*o = 5*z - 22, 0*z = 4*z + 5*o + 12. Suppose 5*c = z*d - 7, -2*d + 0 = -c - 11. Give h(d).
-9
Let t = 11 + -14. Let f(l) = 4*l**2 + 3*l - 5. Let n(h) = h**2 + h - 2. Let d(p) = t*f(p) + 8*n(p). Let b be d(-1). Let q(x) = -4*x - 4. What is q(b)?
12
Let a(w) = -w**3 + w**2 - 14. Let k(u) = u**3 + 5*u**2 + u - 12. Suppose 2*y + 3 = -5. Let r be k(y). What is a(r)?
-14
Let b(q) = q + 4. Let r(n) = 57*n + 33. Let s(g) be the first derivative of -7*g**2/2 - 4*g - 2. Let j(l) = 4*r(l) + 33*s(l). Let d be j(-2). Give b(d).
10
Let s(w) = -w**3 - w**2 - 1. Let x(q) = -2*q**3 - 4*q**2 - q - 2. Let a(y) = 3*s(y) - x(y). Determine a(1).
0
Let r(o) = -12*o - 62. Let i be r(-5). Let y(z) = -16*z. Calculate y(i).
32
Let u(j) = 1 + 1 + 367*j + 366*j + j**2 - 737*j. Determine u(8).
34
Let j(n) be the second derivative of n**5/20 + n**4/4 - n**3/2 - n**2/2 - 32*n - 1. What is j(-2)?
9
Let t(z) = z**3 + 5*z**2 - 5*z + 8. Suppose -36 = 5*v - 3*y, -22 = 3*v - 5*y + 6. Give t(v).
2
Suppose -26 = 37*l + 122. Let i(n) = -n**2 - 4*n + 2. What is i(l)?
2
Suppose -4*h + 19 + 9 = 0. Let b be -2 + ((-12)/(-4) - 0). Let x(m) = h*m**3 + 4 - 5 + b. Calculate x(1).
7
Let l(f) be the third derivative of -f**6/120 + f**5/12 + 5*f**4/24 - 27*f**2. Give l(6).
-6
Let i(x) = 5*x**2 - 1 - 104*x**3 + x**2 - 6*x + 105*x**3. Let t(r) = -7*r**2 - r + 1. Let z be t(1). Determine i(z).
-8
Let a(y) = -135*y + 55. Let r(z) = 22*z - 9. Let b(f) = -4*a(f) - 25*r(f). What is b(-5)?
55
Let y be (-2)/4*14*-1. Let p(x) = -4 + y + x + 6 - 3*x**2 + 4*x**2. What is p(0)?
9
Let s(o) be the second derivative of o**4/6 - o**3/2 + 3*o**2/2 + 29*o. Calculate s(2).
5
Let t(i) = 3*i + i**2 - 8 + 5*i - 18*i - 2*i + 7*i. Suppose -4*j + f + 7 = -j, -j + 3*f + 5 = 0. Let x be (4/j)/((-1)/(-3)). Determine t(x).
-2
Let b(l) = 25*l + 1283 - 643 - 639. Determine b(-1).
-24
Let c(z) = 9*z**2 + 2*z - 1. Let f(w) = -74*w**2 - 21*w + 2. Let h(n) = -25*n**2 - 7*n + 1. Let s(g) = 2*f(g) - 7*h(g). Let d(v) = -7*c(v) + 2*s(v). Give d(-1).
-8
Let d be 0*((8 - 6) + -1) + -5. Let x(y) = 1 - 8 + 0. Let m(n) = n + 7. Let j(v) = -3*m(v) - 2*x(v). What is j(d)?
8
Let y(u) = -5*u. Let q(i) = -i + 1. Let p(j) = -6*q(j) + y(j). Let h be p(6). Let b(s) = -4*s + 5 + 5*s - s**3 + 8*s**3 - 8*s**3 + 3. Give b(h).
8
Let w(q) be the third derivative of -q**6/120 + q**5/30 - 2*q**2. Let k be (-6 + (-6 - -11))*(-1 - 1). What is w(k)?
0
Suppose -m - 2 = 2. Let p(s) = s. Let n(l) = 2. Let g(x) = m*p(x) + n(x). Give g(6).
-22
Let g(o) = o**3 + o + 6. Suppose 5*y = 2*y. Let r(x) be the first derivative of -x**2/2 + 16. Let f be r(y). What is g(f)?
6
Let f = 0 - -3. Let q(h) be the second derivative of -6*h - 3/2*h**2 + 1/2*h**3 + 0. Give q(f).
6
Let w(x) = 190*x - 2 + 5 - 191*x + 5. Calculate w(4).
4
Let d(y) = y**3 + 8*y**2 + y - 13. Let a be d(-7). Let h(s) = -s - 30 + 0*s + a. What is h(0)?
-1
Suppose 15*d - 31 = -31. Let z(v) = v**2 - 32. What is z(d)?
-32
Let y(r) be the second derivative of -r**7/2520 - r**6/80 + r**5/120 - 7*r**4/12 - 10*r. Let k(l) be the third derivative of y(l). Calculate k(-10).
-9
Let u(y) = -y**2 - 12*y - 9. Let q = -152 + 144. Determine u(q).
23
Suppose 0*j + 3*j = 15. Let v(n) be the third derivative of -n**4/6 + 10*n**3/3 - 5*n**2 - 1. Let h(l) = 2*l - 9. Let f(s) = 5*h(s) + 2*v(s). What is f(j)?
5
Let q = 545/4 - 136. Let f(d) be the second derivative of 0 - 1/2*d**3 - q*d**4 + 3/2*d**2 - 4*d + 1/20*d**5. Give f(2).
-7
Let y(f) be the first derivative of -f**4/4 - 10*f**3/3 - 9*f**2/2 + 5*f + 2. Let s be y(-9). Let j(g) = g**3 - 7*g**2 + 6*g + 6. What is j(s)?
-14
Let s(q) = 2*q**2 + 2*q + 7. Let l = -1555 + 1559. Calculate s(l).
47
Let g(z) = -z**2 - 10*z + 1 + 6 + 4*z. Suppose 5*f - 16*f = 77. Calculate g(f).
0
Let v(d) = 13*d - 4. Let l(p) = 80*p - 25. Let x(g) = 4*l(g) - 25*v(g). Calculate x(2).
-10
Let d(t) = -2*t**2 + 4030 - 3*t**2 + t**3 - 4038 - 3*t. What is d(6)?
10
Let s = -23 - -23. Suppose -20 = -4*m - s. Let p(h) be the first derivative of h**3/3 - 7*h**2/2 + 5*h - 4. Calculate p(m).
-5
Suppose 0 = 5*u - 3*o - 33, -22 = -8*u + 4*u - 2*o. Let t(g) be the second derivative of -g**4/12 + g**3 + 7*g**2/2 + 10*g. Calculate t(u).
7
Let k(f) = 3*f - 1. Let m be k(1). Let y(a) = -m - 6*a - 2*a + 7*a. Suppose -8*u + 4 = 44. Calculate y(u).
3
Suppose 0 = 8*p + 9 + 159. Let k(a) = -a**3 - 21*a**2 + a + 27. Let l be k(p). Let w(n) = n**3 - 7*n**2 + 4*n + 7. What is w(l)?
-5
Let h(i) = -6*i + 7. Let d = 740 - 748. Determine h(d).
55
Suppose -8 + 1 = -z. Suppose 10 - z = g. Let a(t) = -t + 4. Give a(g).
1
Suppose 45*r + 53 - 8 = 0. Let q(l) = 39*l - 1. Calculate q(r).
-40
Let l(a) = -4*a**3 + 16*a**2 - 6*a + 5. Let n(o) = -o**3 + o**2 + o - 1. Let w(p) = -l(p) + 5*n(p). Determine w(-12).
2
Let j(g) = 291*g - 588*g + 292*g - g**2 - 6. Suppose 4*q + 4*s = 2*s - 30, -5*s - 33 = 4*q. What is j(q)?
-20
Let r(c) = 3506*c - 3508*c + 2 + 1. What is r(5)?
-7
Let z(r) = 2*r + 35. Let u(b) = -4*b - 73. Let a(s) = 6*u(s) + 13*z(s). Give a(-7).
3
Suppose 0 = p - 1 - 1. Let v(s) = -2*s**3 - s**2 + s. Let y(u) = 9*u**3 + 3*u**2 - 5*u - 1. Let z(b) = -4*v(b) - y(b). Calculate z(p).
-1
Let c(l) be the first derivative of -l**3/3 + 3*l**2 + 5*l - 1. Let k(m) = m**2 - 13*m - 9. Let d be k(14). Determine c(d).
10
Let n = -801 + 804. Let x(w) be the first derivative of -1/3*w**3 - 8 + n*w - 2*w**2. Calculate x(2).
-9
Let h(u) = 2*u**3 - u - 2. Let n = -316 + 315. Determine h(n).
-3
Let a be (-12)/14*7/1. Let k(v) = -64*v - 47*v + 110*v - 1. Determine k(a).
5
Let f(o) = -o**3. Let i be f(-2). Suppose -i = -3*n + n. Suppose -5*x - 30 = -5*q, -3 = n*x - q + 9. Let b(c) = 6*c + 2. What is b(x)?
-10
Let v be ((-12)/(-50)*5)/((-2)/(-10)). Let g(f) = 27*f - v*f**2 - 30*f - f**3 + 0 - 8. Determine g(-6).
10
Let d be ((-5)/(-15))/(2/6). Let t(j) = -j**2 + 6*j - 5. Let y(m) = -m**2 + m. Let s(p) = d*t(p) - 2*y(p). Let g be 8/(-52) + 100/(-26). Give s(g).
-5
Let m = 7 + 31. Suppose 3*v = -11 + m. Let k(d) = -6 - 6*d**2 + d + v - 2*d + 5*d**2. Calculate k(4).
-17
Let s(j) = -2*j - 1. Let h be s(-3). Suppose h*c + 4*f - 3*f - 44 = 0, -5*f - 5 = 0. Let i(m) = -m + 5. Determine i(c).
-4
Let h(r) = -r**3 - 6*r**2 - 6*r. Let p(w) = -w**2 - w + 2. Let i be 4/(-8) + 14/4. Let b be p(i). Let g = b + 5. Give h(g).
5
Let i(h) = -2*h**2 - h + 3. Let p(j) = -11*j**2 + 4*j + 21. Let q(a) = -5*i(a) + p(a). Calculate q(9).
6
Let z(f) = -f**3 - 7*f**2 - f + 5. Let s(o) = -o**3 + o**2 + 6*o - 7. Let t be s(3). What is z(t)?
12
Let p(a) = 5*a + a - 4*a - 3*a**2 + 1. Let o(c) = -29*c - 6*c**2 + 62*c - 39*c - 2*c**3 - 6 + c**3. Let x be o(-5). Calculate p(x).
-4
Let c(g) = -17*g. Suppose -d - 17*d = -36. Determine c(d).
-34
Suppose -u + 17 = 3*y, -5*u + 2*y + 109 = 58. Let s(q) = q**2 - 12*q + 9. Determine s(u).
-2
Let f(d) be the first derivative of -10*d**3/3 - 4*d**2 - 7*d - 12. Let o be f(-1). Let s(t) = t - 3. What is s(o)?
-12
Suppose -4*v + 20 = v. Let d(l) = -18 + 81*l - 31 - 76*l + 48. Calculate d(v).
19
Suppose 28 = 3*f + 7. Let u(q) be the second derivative of -q**6/360 + q**5/20 + 5*q**4/24 + q**3/3 - 2*q. Let o(w) be the second derivative of u(w). Give o(f).
-2
Let o(c) = -2*c**2 + 2*c. Let d = -173 + 171. Determine o(d).
-12
Suppose 62*o + 28 = 55*o. Let p(x) = -x - x - 2 - 1. Calculate p(o).
5
Let h(m) = -13*m + 11. Let i(g) = 32*g - 28. Let j(n) = -12*h(n) - 5*i(n). Let c(p) = -p + 3. Let r(y) = 14*c(y)